highest common factor of 1824 and 6555.
57
Calculate the highest common factor of 8122 and 2604.
62
What is the greatest common factor of 192 and 75936?
96
What is the greatest common divisor of 121915 and 185?
185
Calculate the highest common divisor of 22327356 and 228.
228
What is the greatest common divisor of 26 and 5213?
13
What is the greatest common factor of 2175 and 36105?
435
What is the highest common factor of 1086 and 5972457?
543
Calculate the greatest common factor of 154 and 6842.
22
Calculate the highest common factor of 578 and 94894.
34
What is the highest common factor of 33929 and 393?
131
What is the greatest common factor of 214957 and 86?
43
Calculate the highest common factor of 1029824 and 8.
8
What is the highest common factor of 23219 and 2108?
31
What is the greatest common divisor of 2520 and 351288?
504
What is the greatest common factor of 840 and 150255?
105
Calculate the highest common factor of 6191 and 302.
151
Calculate the highest common factor of 16 and 6764.
4
What is the greatest common divisor of 1011 and 27?
3
What is the greatest common divisor of 363 and 13673?
121
Calculate the highest common factor of 63742 and 112.
14
What is the highest common divisor of 11517 and 3399?
33
What is the highest common factor of 10938 and 72?
6
Calculate the greatest common divisor of 15 and 144570.
15
What is the highest common divisor of 6151 and 5?
1
What is the highest common divisor of 833 and 563941?
833
Calculate the greatest common divisor of 326320 and 400.
80
Calculate the greatest common factor of 16089 and 372.
93
What is the highest common divisor of 3161504 and 2976?
992
What is the highest common divisor of 3721 and 56852?
61
What is the highest common divisor of 105 and 39555?
15
Calculate the highest common factor of 727540 and 330.
110
What is the highest common factor of 2331 and 16576?
259
What is the highest common divisor of 620318 and 86?
86
What is the greatest common factor of 3580651 and 59?
59
What is the highest common factor of 32967 and 29403?
891
What is the highest common divisor of 7181 and 79249?
43
Calculate the greatest common factor of 10527 and 286.
11
What is the greatest common divisor of 54590 and 3090?
1030
Calculate the greatest common divisor of 1956 and 395601.
489
What is the greatest common divisor of 9160971 and 291?
291
What is the greatest common divisor of 682372 and 372?
124
What is the greatest common factor of 1558 and 4617?
19
What is the greatest common factor of 38934 and 1008?
126
Calculate the greatest common divisor of 1141 and 7.
7
What is the greatest common factor of 816629 and 17?
17
What is the highest common factor of 41821 and 13?
13
What is the highest common divisor of 964644 and 60?
12
What is the greatest common factor of 3652 and 3168?
44
Calculate the greatest common divisor of 34 and 34306.
34
What is the greatest common factor of 184 and 14996?
92
What is the greatest common divisor of 70 and 58870?
70
What is the highest common divisor of 9 and 17421?
3
Calculate the greatest common divisor of 117564 and 175764.
1164
What is the highest common divisor of 4559 and 4747?
47
What is the highest common divisor of 275 and 350600?
25
Calculate the highest common factor of 17943 and 6.
3
Calculate the greatest common factor of 9662 and 2.
2
Calculate the highest common factor of 100 and 4598900.
100
What is the highest common divisor of 69076 and 42?
14
What is the highest common divisor of 182061 and 1056?
33
Calculate the greatest common factor of 2889454 and 106.
106
What is the highest common divisor of 1431067 and 121?
121
What is the greatest common factor of 25986 and 4189?
71
What is the greatest common factor of 552930 and 60?
30
What is the greatest common factor of 28 and 48888?
28
Calculate the greatest common divisor of 2335 and 1401.
467
What is the highest common divisor of 75 and 36025?
25
What is the highest common divisor of 585 and 268830?
45
Calculate the highest common factor of 3943214 and 906.
302
Calculate the greatest common divisor of 4227 and 42.
3
What is the highest common factor of 96250 and 1155?
385
Calculate the highest common divisor of 2189061 and 63.
63
What is the greatest common divisor of 28290 and 713?
23
Calculate the greatest common divisor of 726838 and 2152.
538
Calculate the highest common divisor of 1119781 and 13.
13
What is the highest common divisor of 78 and 9958?
26
Calculate the greatest common factor of 2450 and 57350.
50
Calculate the highest common divisor of 45675 and 15.
15
Calculate the highest common factor of 1089 and 495297.
99
What is the highest common factor of 11 and 200519?
11
Calculate the greatest common factor of 46434 and 426.
426
What is the greatest common divisor of 34029 and 95?
19
What is the highest common divisor of 663 and 2340?
39
What is the greatest common factor of 64 and 14584?
8
Calculate the highest common factor of 62888 and 2408.
56
What is the greatest common divisor of 135171 and 414?
207
Calculate the greatest common divisor of 2209 and 18189.
47
Calculate the greatest common factor of 129 and 1407949.
43
Calculate the greatest common factor of 120 and 257520.
120
What is the greatest common factor of 165 and 136235?
55
Calculate the highest common factor of 555400 and 40.
40
Calculate the highest common divisor of 331 and 2776.
1
What is the greatest common factor of 13005 and 6970?
85
Calculate the highest common factor of 13584 and 144.
48
Calculate the greatest common divisor of 2275573 and 1569.
523
What is the highest common factor of 50120 and 40?
40
Calculate the highest common factor of 30510 and 66670.
1130
What is the highest common factor of 7 and 85890?
7
What is the highest common divisor of 109 and 162737?
109
What is the greatest common factor of 2 and 763258?
2
What is the highest common factor of 24 and 6036?
12
Calculate the highest common divisor of 282 and 31114.
94
What is the highest common divisor of 8755 and 46665?
85
What is the greatest common divisor of 1944 and 50328?
216
Calculate the greatest common factor of 76958 and 483.
161
What is the greatest common factor of 76 and 626183?
19
Calculate the greatest common factor of 90950 and 14445.
535
Calculate the greatest common factor of 170 and 930.
10
What is the highest common factor of 13 and 119626?
13
What is the highest common divisor of 314986 and 302?
302
What is the highest common divisor of 676 and 16?
4
Calculate the greatest common factor of 25 and 4175.
25
Calculate the greatest common factor of 124 and 1440.
4
What is the highest common factor of 1400 and 19850?
50
Calculate the greatest common divisor of 18304 and 78.
26
What is the greatest common divisor of 115874 and 1012?
506
Calculate the greatest common factor of 971547 and 366.
183
Calculate the highest common factor of 1645 and 80934.
329
What is the highest common factor of 1036 and 580974?
74
Calculate the greatest common factor of 54 and 2358.
18
Calculate the highest common factor of 2398 and 27764.
22
Calculate the highest common divisor of 7155 and 2120.
265
What is the highest common divisor of 98127 and 18?
9
What is the highest common factor of 272636 and 27391?
637
What is the greatest common factor of 3894195 and 2670?
1335
Calculate the greatest common factor of 148689 and 27.
27
Calculate the highest common divisor of 116 and 900.
4
What is the greatest common factor of 399 and 24396?
57
Calculate the greatest common divisor of 1336 and 318302.
334
What is the greatest common divisor of 3465552 and 62?
62
What is the greatest common factor of 238350 and 28?
14
What is the greatest common factor of 17 and 263602?
17
What is the greatest common divisor of 4515 and 945570?
645
What is the highest common factor of 180 and 8453070?
90
What is the highest common factor of 723 and 57117?
723
What is the greatest common divisor of 938 and 394429?
469
What is the greatest common divisor of 232 and 32896?
8
What is the highest common factor of 23986 and 1072?
134
What is the greatest common factor of 3 and 112701?
3
What is the highest common factor of 744 and 5611?
31
Calculate the highest common factor of 136 and 1600.
8
Calculate the greatest common factor of 44 and 15268.
44
What is the greatest co